f 9122?
2
What is the tens digit of 6944?
4
What is the units digit of 2802?
2
What is the tens digit of 12248?
4
What is the hundreds digit of 61500?
5
What is the hundreds digit of 803?
8
What is the hundreds digit of 1040?
0
What is the units digit of 27041?
1
What is the tens digit of 17264?
6
What is the hundreds digit of 105631?
6
What is the units digit of 7005?
5
What is the thousands digit of 2477?
2
What is the hundreds digit of 66604?
6
What is the tens digit of 15987?
8
What is the ten thousands digit of 75941?
7
What is the tens digit of 5302?
0
What is the units digit of 8899?
9
What is the hundreds digit of 6064?
0
What is the tens digit of 21018?
1
What is the thousands digit of 10403?
0
What is the thousands digit of 24389?
4
What is the units digit of 960?
0
What is the hundreds digit of 7654?
6
What is the tens digit of 21862?
6
What is the hundreds digit of 43759?
7
What is the thousands digit of 11080?
1
What is the units digit of 10499?
9
What is the tens digit of 83?
8
What is the hundreds digit of 70951?
9
What is the tens digit of 3819?
1
What is the hundreds digit of 9569?
5
What is the units digit of 82?
2
What is the thousands digit of 3378?
3
What is the thousands digit of 14012?
4
What is the ten thousands digit of 10182?
1
What is the thousands digit of 8314?
8
What is the hundreds digit of 2598?
5
What is the thousands digit of 70145?
0
What is the units digit of 69601?
1
What is the hundreds digit of 95859?
8
What is the hundreds digit of 11925?
9
What is the hundreds digit of 1311?
3
What is the thousands digit of 71402?
1
What is the thousands digit of 11576?
1
What is the units digit of 751?
1
What is the thousands digit of 20828?
0
What is the thousands digit of 55376?
5
What is the tens digit of 1799?
9
What is the hundreds digit of 17529?
5
What is the thousands digit of 18877?
8
What is the units digit of 1686?
6
What is the thousands digit of 2291?
2
What is the thousands digit of 3392?
3
What is the thousands digit of 1988?
1
What is the tens digit of 38324?
2
What is the hundreds digit of 84556?
5
What is the units digit of 320?
0
What is the units digit of 57125?
5
What is the hundreds digit of 57172?
1
What is the thousands digit of 1073?
1
What is the hundreds digit of 1580?
5
What is the ten thousands digit of 151874?
5
What is the thousands digit of 1636?
1
What is the hundreds digit of 1033?
0
What is the ten thousands digit of 13504?
1
What is the thousands digit of 14637?
4
What is the hundreds digit of 411?
4
What is the units digit of 1115?
5
What is the ten thousands digit of 21327?
2
What is the hundreds digit of 3543?
5
What is the units digit of 115?
5
What is the hundreds digit of 4832?
8
What is the hundreds digit of 4282?
2
What is the tens digit of 906?
0
What is the tens digit of 102625?
2
What is the hundreds digit of 8279?
2
What is the units digit of 5845?
5
What is the thousands digit of 27298?
7
What is the thousands digit of 5584?
5
What is the tens digit of 1651?
5
What is the units digit of 249?
9
What is the hundreds digit of 5969?
9
What is the units digit of 14753?
3
What is the hundreds digit of 45653?
6
What is the thousands digit of 20225?
0
What is the tens digit of 647?
4
What is the ten thousands digit of 37779?
3
What is the hundreds digit of 2109?
1
What is the hundreds digit of 65462?
4
What is the thousands digit of 7818?
7
What is the thousands digit of 1639?
1
What is the units digit of 67615?
5
What is the hundreds digit of 484?
4
What is the thousands digit of 4887?
4
What is the hundreds digit of 5182?
1
What is the hundreds digit of 3218?
2
What is the thousands digit of 3017?
3
What is the thousands digit of 45265?
5
What is the thousands digit of 6409?
6
What is the ten thousands digit of 23356?
2
What is the hundreds digit of 326?
3
What is the hundreds digit of 2557?
5
What is the units digit of 754?
4
What is the hundreds digit of 7245?
2
What is the tens digit of 1266?
6
What is the units digit of 79674?
4
What is the tens digit of 31?
3
What is the hundreds digit of 1237?
2
What is the units digit of 6532?
2
What is the units digit of 2100?
0
What is the hundreds digit of 9440?
4
What is the tens digit of 77298?
9
What is the ten thousands digit of 12487?
1
What is the hundreds digit of 38518?
5
What is the tens digit of 9013?
1
What is the units digit of 2286?
6
What is the units digit of 283?
3
What is the units digit of 884?
4
What is the units digit of 16250?
0
What is the tens digit of 891?
9
What is the hundreds digit of 1008?
0
What is the thousands digit of 1798?
1
What is the ten thousands digit of 18696?
1
What is the tens digit of 2437?
3
What is the units digit of 65689?
9
What is the units digit of 5364?
4
What is the thousands digit of 3491?
3
What is the units digit of 14265?
5
What is the units digit of 5051?
1
What is the hundreds digit of 18256?
2
What is the tens digit of 1437?
3
What is the hundreds digit of 133?
1
What is the tens digit of 538?
3
What is the units digit of 7007?
7
What is the hundreds digit of 3231?
2
What is the ten thousands digit of 19304?
1
What is the tens digit of 2775?
7
What is the units digit of 206?
6
What is the tens digit of 1197?
9
What is the thousands digit of 6964?
6
What is the thousands digit of 19094?
9
What is the thousands digit of 7233?
7
What is the units digit of 1204?
4
What is the hundreds digit of 130?
1
What is the tens digit of 1045?
4
What is the units digit of 1330?
0
What is the hundreds digit of 42865?
8
What is the ten thousands digit of 12637?
1
What is the tens digit of 383?
8
What is the thousands digit of 1382?
1
What is the units digit of 7458?
8
What is the thousands digit of 12043?
2
What is the units digit of 516?
6
What is the thousands digit of 14278?
4
What is the units digit of 3885?
5
What is the thousands digit of 11539?
1
What is the hundreds digit of 807?
8
What is the units digit of 144303?
3
What is the hundreds digit of 7643?
6
What is the tens digit of 332?
3
What is the ten thousands digit of 51220?
5
What is the units digit of 2974?
4
What is the hundreds digit of 7205?
2
What is the ten thousands digit of 142773?
4
What is the units digit of 34825?
5
What is the thousands digit of 4536?
4
What is the units digit of 62352?
2
What is the units digit of 1781?
1
What is the tens digit of 3714?
1
What is the ten thousands digit of 81687?
8
What is the units digit of 634?
4
What is the ten thousands digit of 20959?
2
What is the units digit of 1117?
7
What is the hundreds digit of 13102?
1
What is the units digit of 29666?
6
What is the tens digit of 8582?
8
What is the units digit of 109483?
3
What is the units digit of 8726?
6
What is the hundreds digit of 1388?
3
What is the tens digit of 671?
7
What is the tens digit of 695?
9
What is the thousands digit of 33991?
3
What is the tens digit of 7135?
3
What is the tens digit of 5235?
3
What is the tens digit of 9760?
6
What is the thousands digit of 3717?
3
What is the units digit of 363?
3
What is the units digit of 78087?
7
What is the hundreds digit of 136?
1
What is the units digit of 2332?
2
What is the units digit of 954?
4
What is the tens digit of 316?
1
What is the hundreds digit of 85104?
1
What is the tens digit of 360?
6
What is the units digit of 16?
6
What is the thousands digit of 1094?
1
What is the ten thousands digit of 54069?
5
What is the thousands digit of 13843?
3
What is the units digit of 1795?
5
What is the units digit of 4839?
9
What is the hundreds digit of 5333?
3
What is the units digit of 30?
0
What is the ten thousands digit of 87692?
8
What is the thousands digit of 6998?
6
What is the tens digit of 92012?
1
What is the hundreds digit of 2911?
9
What is the thousands digit of 21587?
1
What is the hundreds digit of 38986?
9
What is the ten thousands digit of 22307?
2
What is the hundreds digit of 3428?
4
What is the ten thousands digit of 16264?
1
What is the tens digit of 25205?
0
What is the tens digit of 1621?
2
What is the hundreds digit of 145?
1
What is the thousands digit of 16555?
6
What is the units digit of 2080?
0
What is the ten thousands digit of 40756?
4
What is the tens digit of 22231?
3
What is the hundreds digit of 1080?
0
What is the thousands digit of 19385